{"id":177,"date":"2020-04-24T23:08:29","date_gmt":"2020-04-24T21:08:29","guid":{"rendered":"http:\/\/localhost:8000\/sc-bakum.de\/?page_id=177"},"modified":"2026-01-18T13:53:37","modified_gmt":"2026-01-18T12:53:37","slug":"minis-2","status":"publish","type":"page","link":"https:\/\/www.sc-bakum.de\/?page_id=177","title":{"rendered":"Minis"},"content":{"rendered":"\n<figure class=\"wp-block-image size-large\"><img loading=\"lazy\" decoding=\"async\" width=\"1024\" height=\"768\" src=\"https:\/\/www.sc-bakum.de\/wp-content\/uploads\/2023\/10\/M-Foto-2023-2024_Volleyball-Jugend-2_1-1024x768.jpg\" alt=\"\" class=\"wp-image-2161\" srcset=\"https:\/\/www.sc-bakum.de\/wp-content\/uploads\/2023\/10\/M-Foto-2023-2024_Volleyball-Jugend-2_1-1024x768.jpg 1024w, https:\/\/www.sc-bakum.de\/wp-content\/uploads\/2023\/10\/M-Foto-2023-2024_Volleyball-Jugend-2_1-300x225.jpg 300w, https:\/\/www.sc-bakum.de\/wp-content\/uploads\/2023\/10\/M-Foto-2023-2024_Volleyball-Jugend-2_1-768x576.jpg 768w, https:\/\/www.sc-bakum.de\/wp-content\/uploads\/2023\/10\/M-Foto-2023-2024_Volleyball-Jugend-2_1-1536x1152.jpg 1536w, https:\/\/www.sc-bakum.de\/wp-content\/uploads\/2023\/10\/M-Foto-2023-2024_Volleyball-Jugend-2_1-1152x864.jpg 1152w, https:\/\/www.sc-bakum.de\/wp-content\/uploads\/2023\/10\/M-Foto-2023-2024_Volleyball-Jugend-2_1-640x480.jpg 640w, https:\/\/www.sc-bakum.de\/wp-content\/uploads\/2023\/10\/M-Foto-2023-2024_Volleyball-Jugend-2_1.jpg 2048w\" sizes=\"auto, (max-width: 768px) calc(100vw - 32px), (max-width: 1152px) calc(75vw - 32px), 832px\" \/><\/figure>\n\n\n\n<p>In der Mini-Gruppe k\u00f6nnen Kinder ab 8 Jahren das Volleyballspielen erlernen. Eine Ballschule f\u00fcr j\u00fcngere Kinder k\u00f6nnen wir aktuell nicht anbieten.<\/p>\n\n\n\n<h2 class=\"wp-block-heading\">Trainerin \/ Betreuerin<\/h2>\n\n\n\n<p>Louisa Kalkhoff<br>Tel. +49 <br>mobil +49 15229428794<br><a href=\"mailto:louisa.kalkhoff98@gmail.com\">louisa.kalkhoff98@gmail.com<\/a><\/p>\n\n\n\n<p><\/p>\n\n\n\n<p>Petra Eveslage<br>Tel. +49 <br>mobil +49 1729883526<br><a href=\"mailto:petra.eveslage@gmx.de\">petra.eveslage@gmx.de<\/a><\/p>\n\n\n\n<h2 class=\"wp-block-heading\">Trainingszeiten<\/h2>\n\n\n\n<p>Dienstag 17.00 Uhr &#8211; 18.30 Uhr<\/p>\n","protected":false},"excerpt":{"rendered":"<p>In der Mini-Gruppe k\u00f6nnen Kinder ab 8 Jahren das Volleyballspielen erlernen. Eine Ballschule f\u00fcr j\u00fcngere Kinder k\u00f6nnen wir aktuell nicht anbieten. Trainerin \/ Betreuerin Louisa KalkhoffTel. +49 mobil +49 15229428794louisa.kalkhoff98@gmail.com Petra EveslageTel. +49 mobil +49 1729883526petra.eveslage@gmx.de Trainingszeiten Dienstag 17.00 Uhr &#8211; 18.30 Uhr<\/p>\n","protected":false},"author":1,"featured_media":0,"parent":81,"menu_order":0,"comment_status":"closed","ping_status":"closed","template":"","meta":{"footnotes":""},"class_list":["post-177","page","type-page","status-publish","hentry","archive-view"],"_links":{"self":[{"href":"https:\/\/www.sc-bakum.de\/index.php?rest_route=\/wp\/v2\/pages\/177","targetHints":{"allow":["GET"]}}],"collection":[{"href":"https:\/\/www.sc-bakum.de\/index.php?rest_route=\/wp\/v2\/pages"}],"about":[{"href":"https:\/\/www.sc-bakum.de\/index.php?rest_route=\/wp\/v2\/types\/page"}],"author":[{"embeddable":true,"href":"https:\/\/www.sc-bakum.de\/index.php?rest_route=\/wp\/v2\/users\/1"}],"replies":[{"embeddable":true,"href":"https:\/\/www.sc-bakum.de\/index.php?rest_route=%2Fwp%2Fv2%2Fcomments&post=177"}],"version-history":[{"count":8,"href":"https:\/\/www.sc-bakum.de\/index.php?rest_route=\/wp\/v2\/pages\/177\/revisions"}],"predecessor-version":[{"id":2888,"href":"https:\/\/www.sc-bakum.de\/index.php?rest_route=\/wp\/v2\/pages\/177\/revisions\/2888"}],"up":[{"embeddable":true,"href":"https:\/\/www.sc-bakum.de\/index.php?rest_route=\/wp\/v2\/pages\/81"}],"wp:attachment":[{"href":"https:\/\/www.sc-bakum.de\/index.php?rest_route=%2Fwp%2Fv2%2Fmedia&parent=177"}],"curies":[{"name":"wp","href":"https:\/\/api.w.org\/{rel}","templated":true}]}}